t y(o) = 3*o**2 + 9. Let s be y(7). Suppose t - c - 59 = 0, 0 = 3*t + c + 3*c - s. What is the greatest common divisor of 28 and t?
28
Let u = 21 - 16. Suppose p - 6*p + 185 = -u*r, 5*p - 183 = 3*r. What is the highest common factor of 48 and p?
12
Let n be (-5)/(-10)*(5 + 3). Suppose -5*m = -4*v + 40, n*v - m - 48 = 2*m. Calculate the highest common factor of v and 15.
15
Let m(z) = 12*z**2 + 17*z - 37. Let t be m(2). What is the highest common divisor of t and 10?
5
Let s = -9 + 5. Let p(v) = 2*v**2 - 5*v + 2. Let z be p(s). Calculate the highest common factor of z and 9.
9
Let q(d) = -d**2 - 31*d - 9. Let i be q(-30). Calculate the highest common factor of 84 and i.
21
Let g be 2*145/2 + -1. Suppose q + u + 25 = 0, 0 = -2*q - 5*u + u - 44. Let w be (-54)/(-4)*q/(-21). Calculate the greatest common divisor of w and g.
18
Suppose g + 11 = -z, -38 = 3*g + 2*z + 2*z. Let p be (2 + g)/((-1)/74). What is the greatest common factor of 37 and p?
37
Let p(i) = 24*i - 61. Let u be p(-7). Let g = u + 327. What is the highest common divisor of 14 and g?
14
Let z be 11 + 1 - 7 - -2*2. Let p(s) = s - 1. Let f(n) = 7*n + 3. Let h(o) = f(o) - 6*p(o). Let k be h(0). Calculate the highest common factor of z and k.
9
Suppose -2*o + 8 = -n, 4*o + 0 = -n + 16. Suppose o*k - 581 = 3*z - 149, k + 4*z - 89 = 0. Calculate the greatest common factor of k and 21.
21
Suppose -3*d + 0*d + 270 = 0. Let b(z) = 10*z**2 - 1. Let k be b(-1). Calculate the highest common divisor of d and k.
9
Let g(h) = -h**2 + 8*h + 70. Let d be g(10). What is the greatest common divisor of d and 25?
25
Let b be (-4 - (-12 + -1)) + -1. Suppose 3*w + 2*w + 45 = 4*x, 2*x - 5 = -w. Suppose k + 64 = x*k. Calculate the highest common divisor of b and k.
8
Suppose 255 = 3*v + 3*h, 5*v + 2*h = 10*v - 439. What is the greatest common factor of v and 116?
29
Let l be ((-3)/6)/((-19)/684). What is the highest common factor of l and 78?
6
Let r(p) = -p + 15. Suppose -2*x - 6 = 16. Let q be r(x). Let z be 0 - -2 - 1*-24. What is the highest common factor of z and q?
26
Let b be (744/(-434))/((-3)/28). Let t(z) = z**2 - z - 6. Let f be t(6). Calculate the greatest common divisor of f and b.
8
Suppose 5*h = 2*a + 1477, -4*h + a = 2*a - 1192. Let y = -328 + 361. What is the greatest common divisor of h and y?
33
Suppose 46*s = 456 + 372. Calculate the greatest common factor of 234 and s.
18
Let k be ((-80)/6)/((-1)/9). Let r be (11 - -1)/(8 - 7). Suppose -z + r = -0*z. What is the greatest common factor of k and z?
12
Suppose 0 = 5*h - 2*t + 7*t, -5 = t. Suppose 0 = 2*b - 2, -4 = -4*i + h*b + 43. What is the highest common divisor of i and 91?
13
Let x(c) = c**3 + 4*c**2 - 7*c - 3. Let y(r) = -5*r**2 - r + 1. Let u be y(1). Let v be x(u). Let l = -311 + 312. What is the highest common factor of v and l?
1
Let a = 1301 - 1132. Calculate the highest common factor of a and 52.
13
Suppose -57 = -i + 3*k, i = 5*k + 34 + 33. Calculate the highest common factor of i and 154.
14
Suppose -826 = -17*a + 3*a. Calculate the greatest common divisor of 59 and a.
59
Let p be (((-2223)/(-15))/3)/(3/15). What is the highest common factor of 13 and p?
13
Let s(q) = -58*q - 45. Let f be s(-17). Suppose 12*o - f = 283. Calculate the highest common factor of o and 68.
34
Let i(u) = 17*u**3 + 2*u**2 - u. Let l be i(1). Let t = -7 + 89. Let f = -46 + t. Calculate the highest common factor of l and f.
18
Let a = -66 + 82. Calculate the highest common divisor of 28 and a.
4
Suppose -83*f = -80*f - 375. Let l be 3/(6/100) - 0. What is the greatest common factor of l and f?
25
Suppose 114 = 7*z - 4*z - 2*k, 0 = 4*z - 5*k - 152. Let w be 3*-61*(-1)/3. Let r = w + -4. What is the highest common factor of z and r?
19
Let h(f) = 4*f + 116. Let w be h(-11). What is the greatest common factor of w and 24?
24
Let y be 26/(-2 + 10 - 6). Calculate the greatest common factor of 767 and y.
13
Let s(y) = -6*y**2 + 2*y - 3. Let f be s(2). Let z(c) = c**2 + 3*c + 8. Let p be z(4). Let i = f + p. Calculate the highest common factor of i and 52.
13
Let m be 13*(-4)/(-2) - 0. Calculate the greatest common factor of m and 104.
26
Let q(h) = h**2 - 20*h + 35. Let x be q(19). Calculate the greatest common factor of x and 72.
8
Suppose 0*y - y = -10. Suppose 9*b = y*b + 19. Let z = 8 - b. What is the greatest common divisor of 297 and z?
27
Suppose -4*j + 34 = 2*n - 46, j = -n + 22. Suppose 5*t - 27 = j. Calculate the highest common factor of 18 and t.
9
Let w(m) = -6*m - 66. Let x be w(-14). Let d be 2*12/x + 40/6. Let i = 3 + 17. Calculate the highest common factor of d and i.
4
Suppose -2*a + 5*z + 34 = 0, 2*z = 5*a - 145 + 18. Calculate the greatest common divisor of a and 117.
9
Suppose -100 = -4*n + 4*w, n + 2*w - 8 - 20 = 0. Suppose n = -9*u + 11*u. Calculate the greatest common factor of 13 and u.
13
Suppose -3*l + 467 = -199. Calculate the greatest common divisor of 6 and l.
6
Let q = -324 + 342. What is the highest common factor of 6 and q?
6
Suppose 2*m + 0*m - 2*b - 16 = 0, 4 = -2*b. Calculate the greatest common factor of 54 and m.
6
Suppose 0 = -8*l + 9*l + 78. Let b = -37 - l. Let z = b + -29. What is the greatest common divisor of 4 and z?
4
Suppose -5*d = -n - 5, 5*n + 2*d + 54 = -2*d. Let i = -2 - n. Suppose -u + 58 + 30 = 0. Calculate the highest common factor of i and u.
8
Suppose 112 = -6*b + 376. Calculate the greatest common factor of 209 and b.
11
Let g(i) = i. Let w(v) = -7*v**2 - v. Let z(c) = -6*g(c) - w(c). Let n be z(-4). Let y be 46/391 + 404/34. Calculate the highest common factor of y and n.
12
Let f = 88 + -61. Let r(m) = -4*m + 55. Let a be r(0). Suppose 53*p + 18 = a*p. What is the greatest common divisor of f and p?
9
Let m = -55 + 64. Suppose 0 = 2*u - 41 - m. Calculate the greatest common divisor of 25 and u.
25
Let y be 4 + (0 + -4)/(-1) + -8. Suppose -4*f = 12 - y, -2*c + 111 = 3*f. What is the greatest common divisor of 100 and c?
20
Let y(n) = -n + 108. Let l be y(21). What is the highest common divisor of l and 58?
29
Suppose -31*g = -30*g - 96. Suppose -7*r + g = -4*r. Calculate the greatest common divisor of 352 and r.
32
Let q(i) = -i**3 + 8*i**2 - 26*i + 66. Let v be q(4). Calculate the greatest common divisor of v and 39.
13
Let w(i) be the second derivative of -i**4/12 - 2*i**3/3 + i**2 - 12*i. Let s be w(0). What is the highest common divisor of s and 16?
2
Let u(d) = 2*d**2 - d. Let t(p) = 14*p**2 - 4*p + 1. Let g(m) = t(m) - 2*u(m). Let i be g(-2). Calculate the highest common divisor of i and 3.
3
Suppose -3*u + 127 = -5*d, 4*u + 151 = 7*u + d. What is the greatest common factor of u and 245?
49
Let f(q) = -q**3 + 1. Let a(i) = 5*i**3 - 2*i**2 - 11. Let o(l) = a(l) + 6*f(l). Let x be o(-4). Calculate the greatest common divisor of x and 54.
27
Let g(m) = -4*m - 10 - 2*m + 3*m + 0*m. Let j be g(-3). Let s be (50/(-35))/(j/7). What is the highest common divisor of 30 and s?
10
Let s be (-1)/(-3) - (-538)/6. Let l(o) = -19*o**3 - 2*o**2 + 1. Let c be (2/(-10)*-5)/(1/(-1)). Let u be l(c). What is the greatest common divisor of s and u?
18
Let g(t) = 34*t**2 - t + 1. Let x be g(1). Calculate the greatest common factor of 187 and x.
17
Let p = -84 + 747. What is the greatest common factor of p and 39?
39
Let c(x) = 2*x**3 + 2*x**2 - 55*x. Let h be c(9). What is the highest common factor of h and 45?
45
Suppose -2*z + 3*z = -4. Let u be ((-34)/(-8))/(z/(-16)). Let m = u + -12. Calculate the highest common factor of 2 and m.
1
Let d(h) = h**3 + 21*h**2 - 37*h + 12. Let m be d(-22). What is the greatest common divisor of 9 and m?
9
Let f(c) = c**3 - 11*c**2 + 9*c + 11. Let t be f(10). Let q = 237 + -229. What is the greatest common factor of t and q?
1
Let s(u) = -10*u**2 - 100*u + 8. Let j be s(-10). Suppose -18 - 86 = -o. Calculate the highest common factor of j and o.
8
Let i be (-5)/(-10) - (-2)/(-4). Suppose 2*j - 6 = -i*j. Calculate the greatest common factor of 21 and j.
3
Let u(t) = 2*t**3 - 8*t**2 - 60*t + 2. Let g be u(8). What is the greatest common factor of g and 34?
34
Suppose 3*d + 5*c - 115 = 0, -4*d + 3*c + 110 = c. Calculate the greatest common divisor of d and 40.
10
Let h = 816 + -432. Calculate the highest common divisor of 24 and h.
24
Let r = -44 - -60. What is the greatest common 